n divisor of 5173014 and 126?
42
What is the highest common divisor of 180 and 468348?
12
What is the greatest common factor of 5958 and 528607?
331
Calculate the greatest common factor of 24 and 6170256.
24
What is the greatest common factor of 73045 and 35?
35
Calculate the highest common divisor of 269314 and 153.
17
Calculate the greatest common divisor of 478560 and 1440.
480
Calculate the greatest common divisor of 2057 and 534457.
121
Calculate the highest common factor of 20 and 8650.
10
Calculate the highest common factor of 3080 and 1940.
20
Calculate the greatest common divisor of 2252716 and 76.
76
Calculate the highest common divisor of 179560 and 54940.
1340
Calculate the highest common divisor of 183 and 1947.
3
What is the highest common divisor of 396 and 14234?
22
Calculate the highest common factor of 3402 and 70.
14
Calculate the greatest common divisor of 2340 and 10.
10
Calculate the highest common divisor of 112547 and 2.
1
Calculate the greatest common divisor of 52 and 342732.
52
Calculate the greatest common factor of 184 and 53751.
23
Calculate the highest common factor of 380456 and 798.
38
What is the greatest common factor of 3033 and 9?
9
What is the highest common divisor of 1484 and 112413?
371
Calculate the highest common factor of 1400665 and 5.
5
What is the highest common factor of 250 and 539970?
10
What is the highest common factor of 91708 and 2020?
404
Calculate the greatest common factor of 1328454 and 1022.
146
What is the highest common divisor of 433900 and 5?
5
What is the greatest common factor of 429822 and 36?
18
What is the highest common factor of 10626 and 51681?
483
What is the highest common divisor of 463 and 467630?
463
Calculate the highest common divisor of 4265 and 14501.
853
What is the highest common divisor of 665 and 1347955?
665
What is the highest common divisor of 12627 and 31293?
549
What is the greatest common divisor of 154652 and 1426?
46
What is the greatest common divisor of 190328 and 3552?
296
What is the highest common factor of 206 and 1629769?
103
Calculate the greatest common factor of 44 and 673156.
44
What is the highest common factor of 281 and 715145?
281
What is the highest common factor of 83392 and 64?
64
What is the greatest common factor of 78 and 77207?
13
Calculate the highest common divisor of 2910 and 1390.
10
Calculate the highest common divisor of 428669 and 5345.
1069
Calculate the highest common divisor of 17997 and 385.
7
What is the highest common divisor of 44 and 1379906?
22
Calculate the highest common factor of 5874 and 88.
22
Calculate the greatest common divisor of 21507 and 39999.
201
What is the greatest common factor of 19738 and 973?
139
What is the highest common factor of 132 and 142098?
66
What is the highest common factor of 3696 and 1298?
22
Calculate the greatest common divisor of 258 and 623027.
43
What is the greatest common divisor of 1965 and 6288?
393
What is the highest common factor of 1275 and 10064?
17
Calculate the highest common factor of 22385 and 6512.
407
Calculate the greatest common factor of 353581 and 94.
47
Calculate the highest common divisor of 6250 and 876250.
1250
Calculate the greatest common factor of 3 and 57723.
3
Calculate the highest common factor of 3 and 89949.
3
Calculate the greatest common factor of 74661 and 123.
123
What is the highest common factor of 2444760 and 540?
180
Calculate the highest common factor of 622388 and 156.
52
What is the highest common divisor of 117 and 24648?
39
What is the greatest common divisor of 672 and 12192?
96
Calculate the greatest common divisor of 15593 and 58993.
31
What is the greatest common factor of 16 and 238864?
16
Calculate the greatest common divisor of 14134 and 11842.
382
Calculate the greatest common factor of 150 and 22250.
50
What is the highest common divisor of 133555 and 55?
5
Calculate the greatest common divisor of 257291 and 28150.
563
What is the greatest common divisor of 527408 and 21?
7
What is the greatest common factor of 262 and 5277728?
262
Calculate the highest common divisor of 2480 and 69595.
155
What is the highest common factor of 50 and 34670?
10
Calculate the highest common factor of 251526 and 555.
111
What is the greatest common factor of 999 and 66267?
333
Calculate the highest common factor of 499769 and 497.
71
What is the highest common divisor of 256 and 212224?
256
Calculate the greatest common factor of 9 and 38943.
9
Calculate the greatest common divisor of 10 and 564285.
5
What is the highest common factor of 4 and 46756?
4
What is the greatest common factor of 318416 and 7?
7
What is the greatest common divisor of 6392 and 1360?
136
What is the highest common factor of 91 and 2126488?
91
Calculate the highest common divisor of 33642 and 1134.
378
Calculate the highest common divisor of 13222 and 638.
22
Calculate the highest common factor of 949760 and 105.
35
Calculate the greatest common divisor of 312 and 204096.
24
What is the highest common divisor of 24 and 3078?
6
What is the greatest common divisor of 3864 and 3486?
42
Calculate the greatest common divisor of 3015 and 4365.
45
Calculate the greatest common factor of 1416 and 40224.
24
Calculate the highest common factor of 182767 and 13.
13
Calculate the highest common divisor of 3276 and 1357083.
819
What is the highest common factor of 140 and 134785?
35
Calculate the highest common factor of 47587 and 69.
23
Calculate the highest common divisor of 19266 and 342.
114
Calculate the highest common factor of 21715 and 45365.
215
Calculate the greatest common divisor of 59 and 5487.
59
What is the highest common factor of 99003 and 122?
61
Calculate the greatest common divisor of 28 and 516124.
28
Calculate the greatest common divisor of 10 and 322130.
10
Calculate the highest common factor of 23617 and 44726.
209
What is the greatest common divisor of 11991 and 903?
21
Calculate the highest common divisor of 152 and 11432.
8
What is the greatest common factor of 626707 and 79?
79
Calculate the greatest common divisor of 154 and 99638.
154
What is the greatest common factor of 11904 and 8832?
384
What is the greatest common divisor of 1920 and 68280?
120
Calculate the highest common factor of 81 and 335961.
27
Calculate the highest common divisor of 96586 and 238.
14
Calculate the highest common factor of 21 and 6979035.
21
Calculate the greatest common factor of 135 and 15630.
15
Calculate the highest common divisor of 17225 and 515425.
1325
What is the highest common divisor of 101 and 804061?
101
Calculate the greatest common divisor of 27 and 9366057.
27
Calculate the greatest common factor of 226564 and 468.
52
What is the greatest common factor of 50 and 488810?
10
Calculate the greatest common factor of 1088 and 157504.
64
What is the highest common divisor of 5576 and 33116?
68
What is the greatest common divisor of 3002 and 7742?
158
Calculate the greatest common divisor of 27390 and 1122.
66
Calculate the highest common divisor of 16684 and 2236.
172
Calculate the highest common factor of 238 and 33334.
14
What is the greatest common factor of 34427 and 796?
199
Calculate the greatest common factor of 1301300 and 130.
130
Calculate the highest common divisor of 1461 and 99.
3
Calculate the highest common divisor of 1370 and 9727.
137
What is the highest common divisor of 57 and 1066508?
19
Calculate the greatest common divisor of 420961 and 61.
61
Calculate the highest common factor of 81108 and 4833.
27
Calculate the greatest common divisor of 162 and 143772.
6
What is the greatest common divisor of 991406 and 374?
34
What is the highest common factor of 250980 and 6052?
356
What is the greatest common divisor of 6040 and 5350?
10
What is the highest common factor of 1906113 and 623?
89
What is the highest common divisor of 2786 and 518?
14
Calculate the highest common divisor of 403 and 4329.
13
Calculate the highest common divisor of 4715 and 18055.
115
Calculate the greatest common factor of 556215 and 55.
55
What is the highest common divisor of 110380 and 80?
20
Calculate the greatest common factor of 373554 and 36.
18
Calculate the greatest common factor of 99 and 2128533.
33
Calculate the highest common factor of 47801 and 5473.
13
What is